{"id":356,"date":"2023-10-20T10:01:17","date_gmt":"2023-10-20T08:01:17","guid":{"rendered":"https:\/\/olimpcatering.pl\/?post_type=product&#038;p=356"},"modified":"2024-01-24T13:19:34","modified_gmt":"2024-01-24T12:19:34","slug":"dieta-olimpijska-dieta-standardowa","status":"publish","type":"product","link":"https:\/\/olimpcatering.pl\/?product=dieta-olimpijska-dieta-standardowa","title":{"rendered":"Dieta Olimpijska- Standardowa"},"content":{"rendered":"<p>Zapraszamy Ci\u0119 do \u015bwiata Diety Olimpijskiej &#8211; naszej autorskiej wersji zdrowego i zr\u00f3wnowa\u017conego od\u017cywiania, zainspirowanej legendarnym Olimpem. Tak jak bogowie na szczycie g\u00f3ry Olimp byli symbolem doskona\u0142ego zdrowia, nasza dieta stanowi klucz do utrzymania r\u00f3wnowagi w Twoim \u017cyciu.<\/p>\n<p>Dieta Olimpijska to kulinarne doznania, kt\u00f3re \u0142\u0105cz\u0105 smak z pe\u0142nowarto\u015bciowymi posi\u0142kami. Ka\u017cdy nasz zestaw da\u0144 jest dok\u0142adnie zbilansowany, dostarczaj\u0105c Ci nie tylko przyjemno\u015bci z jedzenia, ale tak\u017ce niezb\u0119dnych sk\u0142adnik\u00f3w od\u017cywczych, kt\u00f3re wspieraj\u0105 Twoje dobre samopoczucie i wydolno\u015b\u0107.<\/p>\n<p>Odkryj nasze pyszne potrawy, bogate w bia\u0142ko, warzywa i zdrowe w\u0119glowodany. Dieta Olimpijska zapewni Ci energi\u0119, kt\u00f3rej potrzebujesz, niezale\u017cnie od Twoich cel\u00f3w &#8211; czy to trenujesz na najwy\u017cszym poziomie sportowym, czy po prostu dbasz o swoje zdrowie.<\/p>\n<p>Poczuj si\u0119 jak prawdziwy b\u00f3g lub bogini Olimpu dzi\u0119ki naszej diecie Olimpijskiej. To czas, aby dostarczy\u0107 swojemu cia\u0142u najlepszych sk\u0142adnik\u00f3w i dba\u0107 o siebie w spos\u00f3b, kt\u00f3ry zas\u0142uguje na aprobat\u0119 samego Zeusa. Przy\u0142\u0105cz si\u0119 do naszej grupy, kt\u00f3ra ceni smak i warto\u015bci zdrowego od\u017cywiania. Dieta Olimpijska &#8211; to Twoja droga do zdrowia, si\u0142y i harmonii.<\/p>\n","protected":false},"excerpt":{"rendered":"<p>Zdrowa i zbilansowana dieta<\/p>\n","protected":false},"featured_media":454,"template":"","meta":[],"product_cat":[20],"product_tag":[],"class_list":{"0":"post-356","1":"product","2":"type-product","3":"status-publish","4":"has-post-thumbnail","6":"product_cat-diety","7":"entry","9":"first","10":"instock","11":"shipping-taxable","12":"product-type-simple"},"_links":{"self":[{"href":"https:\/\/olimpcatering.pl\/index.php?rest_route=\/wp\/v2\/product\/356","targetHints":{"allow":["GET"]}}],"collection":[{"href":"https:\/\/olimpcatering.pl\/index.php?rest_route=\/wp\/v2\/product"}],"about":[{"href":"https:\/\/olimpcatering.pl\/index.php?rest_route=\/wp\/v2\/types\/product"}],"version-history":[{"count":4,"href":"https:\/\/olimpcatering.pl\/index.php?rest_route=\/wp\/v2\/product\/356\/revisions"}],"predecessor-version":[{"id":1050,"href":"https:\/\/olimpcatering.pl\/index.php?rest_route=\/wp\/v2\/product\/356\/revisions\/1050"}],"wp:featuredmedia":[{"embeddable":true,"href":"https:\/\/olimpcatering.pl\/index.php?rest_route=\/wp\/v2\/media\/454"}],"wp:attachment":[{"href":"https:\/\/olimpcatering.pl\/index.php?rest_route=%2Fwp%2Fv2%2Fmedia&parent=356"}],"wp:term":[{"taxonomy":"product_cat","embeddable":true,"href":"https:\/\/olimpcatering.pl\/index.php?rest_route=%2Fwp%2Fv2%2Fproduct_cat&post=356"},{"taxonomy":"product_tag","embeddable":true,"href":"https:\/\/olimpcatering.pl\/index.php?rest_route=%2Fwp%2Fv2%2Fproduct_tag&post=356"}],"curies":[{"name":"wp","href":"https:\/\/api.w.org\/{rel}","templated":true}]}}